u + a*u = 5*o - 27, -5*o = -15. Let r(d) = -d**3 - 2*d**2 + 4*d. What is r(u)?
16
Let z = -7419 + 7419. Let b(t) = 12*t + 67. Calculate b(z).
67
Let f be (4/3)/((-7)/((-126)/4)). Let l be (f/(-4))/((-5)/20). Let b(x) = -l*x + 0 + 3 - x**2 + x + 2*x**2. What is b(4)?
-1
Let w(b) be the second derivative of -11*b**4/12 - b**3/6 + b**2/2 - 19*b + 2. Let s(a) = a + 4. Let o be s(-3). Give w(o).
-11
Let d be (-11)/(-5) - 2 - (-399)/(-95). Let a(k) = 4*k**2 + 7*k - 5. Calculate a(d).
31
Let i(v) = 45*v**2 + 17*v - 15. Let f(c) = -21*c**2 - 8*c + 5. Let y(n) = -5*f(n) - 2*i(n). Give y(-1).
14
Let x(p) = -4*p**2 - 7*p - 26. Let d(y) = -5*y**2 - 8*y - 25. Let l(w) = -5*d(w) + 6*x(w). Determine l(-4).
-7
Let i(g) = -16*g - 2. Let j(o) = 12 + 3*o + 6 - o - 39*o - 23. Let c(h) = -7*i(h) + 3*j(h). Give c(3).
2
Let o(a) = a + 4. Suppose 0 = 2*t - 5*t - 5*r - 458, 0 = -2*t - 3*r - 306. Let m = -159 - t. Determine o(m).
1
Let o(i) be the first derivative of i**2/2 - 2*i + 34. Let s = -25 - -25. Suppose 2 = -2*v + 4, s = -2*y + 3*v + 11. Give o(y).
5
Let w(b) = -b + 3. Let v(k) = k**3 - 31*k**2 - k + 35. Suppose -2*g + 64 = 2*m, -3*m + 40 + 51 = -2*g. Let d be v(m). What is w(d)?
-1
Suppose -13*i + 8*i = -210. Suppose 7*l + 14 = i. Let x(s) = -s**2 - 3*s + 5. Calculate x(l).
-23
Let a be (6/(-4) - -2)*(821 + -39). Let i = 397 - a. Let c(x) be the first derivative of x**3/3 - 3*x**2 + 3*x - 1. Give c(i).
3
Let s(y) be the second derivative of y**7/2520 + y**6/90 - y**5/40 + 17*y**4/12 - y**3/2 + 56*y. Let v(u) be the third derivative of s(u). Calculate v(-5).
-18
Let z(k) = k**2 - 9*k + 19. Suppose 0 = -52*f + 140*f - 528. Determine z(f).
1
Let y(n) = 28*n**3 - 67*n**3 - 4*n**2 + 13*n**2 + 17*n**3 + 21*n**3 - 7*n. Give y(8).
8
Suppose 0*f = 3*f + 15. Let g(p) be the second derivative of -p**3 - 1/20*p**5 + 5/2*p**2 - 420*p + 0 - 1/2*p**4. Calculate g(f).
10
Let f(w) = w - 28. Suppose -k - 3*i = -8, 814*i = 817*i - 3. What is f(k)?
-23
Let g be ((-2)/7)/((-49)/1372) - (-318)/(-40). Let j(c) be the second derivative of 1/4*c**4 - 26*c - c**2 - g*c**5 + 0 + 7/6*c**3. Calculate j(5).
-17
Let a(i) = 2*i**2 + 16*i - 3. Let q be (-1 - -2)/(13/(-143)). Give a(q).
63
Let r = -43 - -48. Let q(c) = -7*c + 49. Let w be q(7). Suppose -4*f = -5*y - 1, -2*y + w*f - r = 3*f. Let a(t) = 5*t**3 - t**2 - 2*t - 1. Determine a(y).
-5
Let r = -8 + -1. Let b(a) = -6 + 9*a - 18*a**2 - 19*a**2 + 65*a**2 - 4*a**2 - 23*a**2. Give b(r).
-6
Let p(a) = -7*a. Let n(g) be the first derivative of 29*g**2/2 - 3*g - 75. Let y(q) = n(q) + 4*p(q). Let u = -9 + 6. Calculate y(u).
-6
Let u(t) = -4*t**3 + 48*t**2 - 17*t + 52. Let y(w) = -3*w**3 + 48*w**2 - 4*w + 52. Let o(a) = 4*u(a) - 5*y(a). What is o(-47)?
-5
Let s(u) = 3*u**3 - 5*u**2 + 8*u - 7. Let g = 1990 - 1988. Give s(g).
13
Let f(r) = 53*r**2 + 319*r + 12. Let u be f(-6). Let y(b) = -5 + b**2 + 0*b**2 + 4*b - 2*b**2 + 1. Give y(u).
-16
Suppose 332 - 113 = 73*s. Let l(k) = 5*k + 1. Give l(s).
16
Let d be (-2 - 0)*3 + 3. Let p(y) = -3*y**2 + 2*y + 3. Give p(d).
-30
Let k(f) = 5*f**2 + 5*f + 3. Let h(i) = 14*i**2 + 14*i + 7. Let b(v) = -4*h(v) + 11*k(v). Give b(-2).
3
Let z(k) = 8*k + 2. Let t(i) be the second derivative of -i**4/12 + 5*i**3/2 + 183*i**2/2 + i + 4. Let r be t(23). What is z(r)?
-6
Let h(p) = 7*p - 3. Let t be h(2). Let q be t/((-22)/48)*1/(-2). Let j(r) = -10*r - q*r - r**3 + 15*r - 7*r**2 - 6. Calculate j(-6).
0
Suppose -7*f = -4*f - 9. Let b be ((-24)/(-18))/(2/f). Suppose h - 5 = -b. Let u(s) = -s**3 + 2*s**2 - 4*s + 3. What is u(h)?
-18
Let o be ((-8 - -57) + -7)*(-12)/(-14). Suppose -180*g + o = -189*g. Let b(i) = -i**2 - 4*i + 3. Calculate b(g).
3
Let z(c) = -c**2 - c + 11. Let k be 24327/(-4131) + 8/9. What is z(k)?
-9
Let s(v) be the second derivative of -7/6*v**3 + 0 + 101*v - 1/12*v**4 - 7/2*v**2. Give s(-7).
-7
Suppose 8*g - 36 = -4*d + 12*g, 4*d + 2*g - 54 = 0. Suppose 43*o = d*o. Let u(k) = k - 13. Calculate u(o).
-13
Let s(y) be the third derivative of -y**6/360 + y**5/120 + 5*y**4/24 + 29*y**3/6 + 9*y**2 - 17. Let v(d) be the first derivative of s(d). What is v(0)?
5
Let k(z) be the second derivative of z**4/12 + z**3/3 - z**2/2 - 49*z - 25. What is k(-8)?
47
Let o(r) be the second derivative of -r**3/6 + 18*r**2 - 2*r - 127. Determine o(36).
0
Let q(i) = -8*i + 13. Suppose 14*l = -5*l - 29 + 162. Calculate q(l).
-43
Let v(o) = -2*o**2 + 22*o + 91. Let w(h) = 5*h**2 - 44*h - 191. Let c(d) = 7*v(d) + 3*w(d). Calculate c(-19).
7
Let h(o) = 16*o + 16. Let i(n) = -3*n - 3. Let m = -29 + 11. Let r = m + 40. Let p(a) = r*i(a) + 4*h(a). Determine p(-4).
6
Let r(q) = 16*q - 7*q + 6 + 10*q + 24*q**2 + 5*q**2 - 28*q**2. What is r(-19)?
6
Suppose 33*p - 29*p = 396. Suppose -6*r + 188 = -4*r + 4*y, 2*y - 382 = -4*r. Let x = p - r. Let o(f) = 2*f**2 - 4*f - 1. Determine o(x).
5
Suppose x + 7 - 3 = 0. Let f(g) = 7*g - 5006. Let t(i) = 15*i - 8345. Let y(h) = 5*f(h) - 3*t(h). Determine y(x).
45
Suppose -p = 37*t - 34*t - 11, -4*t + 59 = -5*p. Let a(d) = -d**2 + 7*d - 3. Give a(t).
3
Let x = -1326 - -1323. Let t(s) = -7 + 1 + 1 + 9 + s. What is t(x)?
1
Let a(k) = -2*k**2 - 44*k - 17. Let d(g) = -7*g + 1. Let t(q) = a(q) - d(q). Give t(-18).
0
Suppose 0 = -37*c + 13933 - 11935. Let k(f) = -4*f + 215. Calculate k(c).
-1
Let l(v) = -25*v + 1. Let s(u) = 70*u - 4 + 8*u + 26*u. Let b(n) = -9*l(n) - 2*s(n). Determine b(3).
50
Let s(v) = -8*v + 3. Let p(a) = 23*a - 9. Let l(k) = 2*p(k) + 7*s(k). Let b be 10140/1560 - (-9)/(-2). Give l(b).
-17
Let q(o) be the first derivative of -15*o**2/2 + 133*o + 6689. Calculate q(8).
13
Let d(t) = t**2 - 16. Let q be d(0). Let k = 13 - q. Let u(i) = -37 + 3*i + 67 - k + 3*i. Calculate u(-1).
-5
Let c = 15460 - 15460. Let g be ((-4)/6)/((-2)/(-12)). Let t(o) = -4*o - 22. Let a(s) = 3*s + 21. Let k(b) = g*t(b) - 5*a(b). Determine k(c).
-17
Let n(z) = z**3 + 6*z**2 + 147*z + 875. Let p be n(-6). Let s(o) = 12*o + 84. Give s(p).
0
Let v(n) = -n**3 - 2*n**2 + 11*n + 3. Let o(p) = -p**3 - p**2 + 14*p + 5. Let h(f) = 6*o(f) - 5*v(f). Calculate h(8).
-9
Let r(k) = -3*k**3 + 13*k**2 + 6*k - 20. Let n(q) = -2*q**3 + 9*q**2 + 4*q - 14. Let m(s) = 7*n(s) - 5*r(s). Calculate m(3).
5
Let r(s) = -6831 + 368*s - 182*s - 183*s + 6826. Suppose -q + 3*d = -16, 0 = -10*d + 5*d - 20. Give r(q).
7
Let h be 1*2*(6/(-12) - -4). Let v(z) be the second derivative of -z**3/3 - 2*z**2 - 14*z. Let f(g) = -1. Let c(a) = 10*f(a) - v(a). What is c(h)?
8
Let i(h) be the first derivative of h**5/60 + h**4/2 - 3*h**3 + 197*h**2/2 + h - 105. Let u(x) be the second derivative of i(x). Determine u(-13).
-5
Let x(u) be the first derivative of -u**6/120 + u**5/10 - 5*u**4/24 + 3*u**3/2 - u**2/2 + 5*u + 68. Let g(f) be the second derivative of x(f). Determine g(6).
-21
Let u(y) = -y**3 - 5*y**2 + 7*y + 18. Let w = 16235 + -16237. Determine u(w).
-8
Let h = -4 + 4. Let v(k) = h*k**2 + k**2 + k**3 + 1 + 2*k**2 - 2*k**3. Let a(w) = -w**3 + 41*w**2 + 85*w + 46. Let n be a(43). What is v(n)?
1
Let h(r) be the second derivative of r**5/20 + 13*r**4/4 - 40*r**3/3 + 87*r**2/2 + 2508*r. Calculate h(-41).
5
Let w(z) = -z**3 - 3*z**2 + 4*z - 5. Suppose -8*y - 993 + 961 = 0. Calculate w(y).
-5
Let v be (-432)/(-156)*2 - (-12)/26. Let x(q) = -q + 22. Give x(v).
16
Let f(o) = -3*o**2 - 173*o + 29. Let z(u) = -2*u**2 - 119*u + 19. Let n(g) = -11*f(g) + 16*z(g). Let a = 0 - 0. Determine n(a).
-15
Suppose 0 = -4*h - 3*i + 100, -12*h + 132 = -8*h - 5*i. Suppose 4*a - h = -9*s + 8*s, -4*s = a + 8. Let p(u) = u**3 - 9*u**2 + 8*u + 3. Calculate p(a).
3
Suppose -38*a = -28*a - 350. Let k(s) = -a*s - 12 + 24*s + 10*s - s**2. What is k(0)?
-12
Suppose 9*p + 110 = 29. Let r = -40 + 47. Let l(u) = 16 + 7*u - r - 5*u. Determine l(p).
-9
Let j be 3/2 - (3 - 46/4). Let k be -2*(-15)/j*1. Let v(t) = -3*t + 3. Determine v(k).
-6
Suppose 0 = -5*z + 5*b - 14 - 31, -3*z - 3*b = 9. Let o(k) be the second derivative of 1/20*k**5 + 5/12*k**4 - 7/6*k**3 - 7 + 6*k + 0*k**2. What is o(z)?
6
Let a(f) = f**2 + 569633 - 569613 + 0*f - 11*f. What is a(7)?
-8
Let t be (10 + 4/2)*(-1)/(-4). Let m(c) = 8 + 2*c**2 + 9 - 18 + c**t. Determine m(-2).
-1
Let w(j) be the second derivative of j**3/2 + 3*j**2 - 2627*j. Let d be (-9)/(-3) + (2 - 10). Give w(d).
-9
Let h(x) = -2. Let j(b) 